q be 1/(-1) + (2 - -1). Let s(u) = -u**3 - 4*u + 3*u**2 + 1 - 2*u**3 + 6*u**3 - q*u**3. List the prime factors of s(-3).
13
Let r(h) = h**2 - 2*h + 1. Let a be r(1). Let q be a + 1 + -2 + 1. Suppose q = -p + 3*p - 26. What are the prime factors of p?
13
Suppose 0 = -5*o + 5*r - 195, -2*r + 87 = -3*o - 5*r. Let h = o + 82. What are the prime factors of h?
2, 3
List the prime factors of (-2 + 4 - -1) + 35.
2, 19
Suppose -115 = -3*c + 50. What are the prime factors of c?
5, 11
Suppose 3*t + 2*a = 19, -13 = -4*t + 3*t - 4*a. Suppose g - 3 = -3*s, -s - 2*g + 1 - t = 0. What are the prime factors of s?
2
Suppose 4*d = -19 + 3, -124 = -g + d. What are the prime factors of g?
2, 3, 5
Let x(a) = -a**2 - 9*a - 8. Let p be x(-6). Let d = -7 + p. Suppose -3 = -4*i + 5*w + 31, -22 = -d*i + 2*w. What are the prime factors of i?
2, 3
Suppose -w + 5*v = 5, -4*w - 4*v + 2*v + 2 = 0. Suppose -o - o = w. Suppose o = -q + 4, -5*q + 45 = t + 4*t. List the prime factors of t.
5
Suppose -4*y - 62 = -6*y. List the prime factors of y.
31
Let q(u) = 0 + 0*u - 3 + u. Let j = 12 + -7. What are the prime factors of q(j)?
2
Suppose 4*h - 4*b + 8 = 0, -6*h - b + 12 = -2*h. Suppose -43 = -h*r - 7. What are the prime factors of r?
2, 3
Let r = 39 + -36. What are the prime factors of r?
3
Let h(u) be the second derivative of u**3/3 - 5*u**2/2 - 2*u. Let p be h(5). Let d = 9 - p. List the prime factors of d.
2
Let q = -3 - -4. List the prime factors of (1 - 3) + 20/q.
2, 3
Suppose 4*i + 0 = 12, 4*a + 2*i = 6. Let r = 7 + a. What are the prime factors of r?
7
Let m be (2/(-5))/(4/(-20)). Suppose -m*v = 3*v - 100. List the prime factors of v.
2, 5
Let u = 150 + -69. Suppose 2*t = 3*d + 26 + 27, -u = -4*t + d. What are the prime factors of t?
19
Suppose 0*c + 84 = 4*o - 3*c, -5*o + 112 = -2*c. Let t = -14 + o. List the prime factors of t.
2, 5
Let p = 10 + 4. What are the prime factors of p?
2, 7
Suppose 0 = 2*m + 36 - 90. What are the prime factors of m?
3
Let d(m) = -11*m - 35. What are the prime factors of d(-8)?
53
Let x be (-6)/21 - 4/(-14). Suppose 5*m + x - 75 = 0. What are the prime factors of m?
3, 5
Let y(j) = j**2 + 7*j + 2. List the prime factors of y(-9).
2, 5
Let v = -25 - -36. Suppose 5*x - 26 + v = 0. Suppose -t - x = 1, 0 = 5*c + t - 51. List the prime factors of c.
11
Let w(v) = 2*v + 36. List the prime factors of w(0).
2, 3
List the prime factors of (-1071)/(-36) + (-1)/(-4).
2, 3, 5
Suppose 0*b - 5*b - 45 = 0. Let s be 1/(b/(-60))*3. Suppose -3*r = r - s. What are the prime factors of r?
5
Suppose 10*m = 5*m + 1415. List the prime factors of m.
283
Let q = 8 - 8. Suppose q = 5*p + k - 20, 0 = 3*p - 8*p - 3*k + 30. List the prime factors of p.
3
Let l(j) = -j - 8. Let n be l(-8). Suppose 0 = -3*v - n*v - 3. List the prime factors of (-3)/3*v - -3.
2
Let h = -5 - -9. Let s = h - 2. What are the prime factors of s?
2
Let m(y) = -8*y - 4. List the prime factors of m(-5).
2, 3
Let d(a) = -6*a - 24. What are the prime factors of d(-5)?
2, 3
Let l be (-3 - -3)/(-3) + 2. Suppose p = -l*p + 15. Suppose -25 = -2*c - p. What are the prime factors of c?
2, 5
Let i = 1 - 11. What are the prime factors of 36/i*(-30)/4?
3
Let x = 13 - 7. Suppose 3*g = 21 + x. What are the prime factors of g?
3
Suppose 0 = 3*u - 5*u - 4. What are the prime factors of ((-38)/u)/(15 - 14)?
19
Suppose -5*r = 4*g - 28, 3*r + g - 3 = 11. Suppose 0 = a + r*a - 95. List the prime factors of a.
19
Let u(o) = 15*o**2. Let k = -3 - -3. Suppose -8 = -4*h - 4*s, h + k*s - s = 0. List the prime factors of u(h).
3, 5
Suppose -3*p - 21 = 24. Let x = p + 9. What are the prime factors of (-2)/6 + (-26)/x?
2
Let n(d) = 2*d**2 - 6*d - 1. Let b(a) = 9*a + 2. Let x be b(3). Suppose -x = -5*m - 4. List the prime factors of n(m).
19
Suppose 0 = 3*a + 3*h - 57, 3*a = 2*h - 0*h + 47. List the prime factors of a.
17
Suppose 12*t - 3252 = -372. List the prime factors of t.
2, 3, 5
Let x(d) = -5*d + 4. Suppose 4*h + 10 = 2*h. Let u be x(h). Let o = u - 14. List the prime factors of o.
3, 5
Suppose 5*a + 2 = -3*t, -t - 6 = -5*t + 2*a. Suppose -3*o = -7 + t. Let h(c) = 5*c**2 - 3*c + 1. List the prime factors of h(o).
3, 5
What are the prime factors of (3 + 6)*22/6?
3, 11
Let h = 23 + 1. List the prime factors of h.
2, 3
Let m = 48 + -63. Let v be (0 - (4 + -2)) + 0. List the prime factors of m/v*6/5.
3
Let b be 1365/55 + 2/11. Let g = b + -15. What are the prime factors of g?
2, 5
Let i(f) = -2*f**2 + 2. Let d be i(2). What are the prime factors of d/(-2) + 2 + 0?
5
Let r = -14 + 19. Suppose r*n = 103 + 77. List the prime factors of n.
2, 3
Let i(f) = 3*f + 7. Let m be i(5). Suppose 2*x - 4*x + 66 = 0. Let s = x - m. List the prime factors of s.
11
Let v(r) = 5*r**2 - 5*r + 6. Let t be v(3). Let j = t + -2. What are the prime factors of j?
2, 17
Let b(g) = -2*g - 10. Let w = -2 - 4. List the prime factors of b(w).
2
Suppose 0 = 5*a + 10, -5*a = -0*b - 3*b - 2. Let w = 0 + b. What are the prime factors of (-10)/w - 6/(-4)?
2
Suppose -l + 2 = -5*b + 10, -4*l + 5*b = 32. Let u = 8 + l. Suppose -3*c = -u*c - 48. What are the prime factors of c?
2
Let g(z) = 25957*z. Let q(p) = 103*p. Let l(i) = 4*g(i) - 1010*q(i). Let k be l(1). List the prime factors of k/(-18) - 2/9.
11
Let o(v) = v**3 + 12*v**2 + 12*v + 12. Let h be o(-11). Let b be h - (9/3 - 4). Suppose b*m - 5*n + 1 = -0, 4*m = -3*n + 63. What are the prime factors of m?
2, 3
Suppose -3*b - c + 549 = 0, -2*b = -4*c + 117 - 497. List the prime factors of b.
2, 23
Suppose 3*m = -g - 8 + 146, g - 133 = 2*m. List the prime factors of g.
3, 5
Suppose 6 = -g + 3*f, -g + 3*f - f = 3. Suppose 5*i - 11 = r, g*r + 12 - 39 = -5*i. Suppose h - r*h = -6. List the prime factors of h.
2
Suppose -5*h = -5*s - 1050, -8*s + 625 = 3*h - 10*s. List the prime factors of h.
5, 41
Let h be 0*((-12)/8 + 2). Suppose h*d + 2*d - 4 = 0. List the prime factors of d.
2
Let f be 6*1/(-6)*3. List the prime factors of 56 + (f + 0 - 1).
2, 13
Let c be ((-1)/(-3))/((-14)/(-42)). What are the prime factors of 32 - (-7 + 2 + c)?
2, 3
Let i = 21 - -3. Suppose -41 = -2*v + 3*z, -z = -4*v + 33 + i. What are the prime factors of v?
13
Suppose 3*g - 15 = 6*g, 3*q - 2*g = -8. Let r be 1 + -25 - q/(-6). What are the prime factors of (-5)/(-2)*(-20)/r?
2
Let j(w) = w**2 + 5. Let d be j(5). What are the prime factors of 4/2*435/d?
29
Let l(s) be the second derivative of s**5/20 + 5*s**4/12 - s**3/3 + s**2 + 3*s. List the prime factors of l(-5).
2, 3
Suppose 6*u - 3*u = 12. Suppose -32 + 8 = -u*g. Suppose 2*v - g = -v. What are the prime factors of v?
2
Suppose -4*r - 480 = r. Let g = -54 - r. List the prime factors of g.
2, 3, 7
Suppose 5*h = 186 + 114. List the prime factors of h.
2, 3, 5
Let c(r) = -7*r + 1. Let p be c(1). Let v = 8 + p. Suppose v*i - 3*i = -13. List the prime factors of i.
13
Let k = -5 + 8. Suppose 0 = -y - 3*x + 8, 5*y - 5 + k = 4*x. Suppose y*g - 33 = -g. List the prime factors of g.
11
Let p(m) = m + 7. Let h = -3 + 0. What are the prime factors of p(h)?
2
Suppose -5*n - 4*g = 63, -4*n - 5*g - 60 = n. List the prime factors of (-4)/10 + (-156)/n.
2, 5
Suppose 3*s - 216 = i, -5*i = -2*s + 7*s - 340. List the prime factors of s.
71
Let z be 5*5/(25/(-4)). Let h = z + 6. List the prime factors of h.
2
List the prime factors of ((-15)/9)/(7/(-84)).
2, 5
Suppose -5*i = -38 - 27. Suppose 4*f - 5*b = 52, 5*b + i = -f + 2*f. What are the prime factors of f?
13
Suppose -2*b = 3*o - 4, b - 7*o = -5*o - 12. Let u be (-8)/(-3)*(-6)/b. Suppose l + l - u = 0. What are the prime factors of l?
2
Let q(l) = -20*l**3 - l**2 - 4*l - 3. What are the prime factors of q(-2)?
7, 23
Let i be (1 - (-6)/(-9))*-3. Let h = 4 - i. Suppose 0 = h*w - 3*w - 14. What are the prime factors of w?
7
Let i be (-2)/(-6) - (-80)/(-6). Let t be (-4)/(-10) + i/(-5). Suppose -2*r - l = -0*r - 5, -t*r - 4*l = -5. What are the prime factors of r?
3
Let z be (-2)/(-4) - (-7)/14. Suppose 0 = -4*g + z + 19. Suppose -g*m + 0*m + 50 = 0. List the prime factors of m.
2, 5
Suppose -5*s - 164 = -4*r, -2*r + 2*s = -r - 38. What are the prime factors of r?
2, 23
Suppose -7 = -3*x - 1. Let f be 27/x*(1 + -17). What are the prime factors of f/(-21) + 4/(-14)?
2, 5
Let k(q) = -q**3 + 6*q**2 + 2*q - 9. Let n be k(6). Suppose 26 = 4*h - 5*a, 3